0509 prime?
True
Is 18347933 a composite number?
True
Is 7937102 a composite number?
True
Is 804665 a composite number?
True
Is 513899 prime?
True
Is 1647361 a composite number?
False
Is 31605283 prime?
False
Is 1440671 a composite number?
True
Is 3341857 prime?
True
Is 14049007 prime?
False
Is 1290661 composite?
True
Is 23575487 composite?
True
Is 52609 a prime number?
True
Is 52094401 composite?
False
Is 69163 prime?
True
Is 1612903 prime?
True
Is 31207919 a composite number?
False
Is 3006413 a composite number?
False
Is 613577 composite?
False
Is 2124467 composite?
False
Is 878511 a prime number?
False
Is 15563159 a prime number?
True
Is 31873133 prime?
False
Is 2845837 composite?
False
Is 35744903 a prime number?
True
Is 10378171 a composite number?
True
Is 68150177 a composite number?
False
Is 377011 a composite number?
False
Is 39790823 a composite number?
False
Is 643547 a composite number?
False
Is 46126709 a composite number?
False
Is 2858699 a composite number?
False
Is 1128133 prime?
False
Is 711857 a prime number?
False
Is 839372189 a prime number?
False
Is 40251647 composite?
False
Is 986239 a composite number?
False
Is 1898596021 prime?
False
Is 70551573 prime?
False
Is 16720127 prime?
False
Is 1944433 a prime number?
False
Is 203606027 a prime number?
True
Is 16090499 a composite number?
False
Is 27051467 a composite number?
False
Is 131672249 prime?
True
Is 846487 prime?
True
Is 322879133 a prime number?
True
Is 199184497 a prime number?
True
Is 66094123 prime?
True
Is 13450531 composite?
False
Is 13411897 a prime number?
False
Is 6295067 a prime number?
False
Is 22849489 a prime number?
False
Is 167165391 prime?
False
Is 1727161 composite?
False
Is 442367 a prime number?
True
Is 1987031 a composite number?
False
Is 2976851 a prime number?
False
Is 1217267 a prime number?
False
Is 16450771 composite?
True
Is 159263449 a prime number?
True
Is 7013365 a prime number?
False
Is 616705 composite?
True
Is 92044429 composite?
False
Is 52346623 a prime number?
False
Is 9544097 prime?
True
Is 5271653 a composite number?
False
Is 86348591 a prime number?
False
Is 3134227 prime?
False
Is 508563767 prime?
False
Is 150951239 a prime number?
True
Is 863561 prime?
True
Is 477791 a composite number?
False
Is 6289597 prime?
False
Is 38994385 prime?
False
Is 7442189 prime?
True
Is 9354613 a prime number?
True
Is 61964399 a prime number?
False
Is 2005999 prime?
False
Is 27404761 composite?
True
Is 700249 composite?
True
Is 24973109 composite?
True
Is 33159773 prime?
True
Is 4967377 a composite number?
False
Is 7039093 a prime number?
True
Is 29773537 a composite number?
False
Is 4364069 composite?
False
Is 23949741 a composite number?
True
Is 139386458 prime?
False
Is 73309693 prime?
True
Is 86086909 composite?
False
Is 24618259 a prime number?
True
Is 142151677 a composite number?
True
Is 200849917 a composite number?
True
Is 3289357 a prime number?
False
Is 3597929 a prime number?
True
Is 151597 a composite number?
False
Is 589873 prime?
True
Is 13071959 composite?
True
Is 110293419 prime?
False
Is 1577707 prime?
False
Is 1680457 a prime number?
True
Is 18575693 a prime number?
False
Is 16437633 a composite number?
True
Is 86684941 a composite number?
True
Is 693553 a composite number?
True
Is 34749433 a composite number?
True
Is 56409527 a prime number?
True
Is 2977831 a composite number?
False
Is 400091587 a composite number?
True
Is 1498921 prime?
True
Is 81699869 composite?
False
Is 108725909 a composite number?
False
Is 37325053 a prime number?
False
Is 1239662 prime?
False
Is 47735297 a prime number?
True
Is 39671587 prime?
False
Is 81577037 prime?
True
Is 36356107 composite?
False
Is 9472151 a composite number?
True
Is 139444483 a composite number?
False
Is 179686259 a prime number?
True
Is 17944471 composite?
False
Is 5839937 a composite number?
False
Is 1246529 a prime number?
True
Is 987143 composite?
False
Is 12997421 a composite number?
False
Is 8700641 a prime number?
False
Is 11153651 composite?
False
Is 18137413 composite?
True
Is 7504195 a composite number?
True
Is 187084543 a composite number?
True
Is 204248587 prime?
True
Is 2338043 composite?
False
Is 3010153 composite?
False
Is 234155965 prime?
False
Is 2382659 prime?
False
Is 1453997 composite?
False
Is 15396079 composite?
True
Is 9280109 prime?
False
Is 69020555 a prime number?
False
Is 243862139 a prime number?
True
Is 2017933 composite?
True
Is 167119757 prime?
False
Is 3522527 prime?
False
Is 1148837 composite?
False
Is 2164373 a composite number?
True
Is 32561861 composite?
True
Is 221159 composite?
False
Is 59272529 composite?
True
Is 4013881 a prime number?
True
Is 1564487 prime?
True
Is 3835109 prime?
True
Is 1250369 a composite number?
True
Is 48226765 composite?
True
Is 97520363 a composite number?
False
Is 1079545 composite?
True
Is 207439363 composite?
False
Is 774971 composite?
True
Is 24347599 a composite number?
True
Is 139857686 a composite number?
True
Is 7072849 a prime number?
False
Is 39610303 prime?
True
Is 363791 composite?
True
Is 142683949 composite?
False
Is 1682423 a composite number?
False
Is 27493789 a composite number?
False
Is 359013 prime?
False
Is 419119607 a prime number?
True
Is 3180253 a composite number?
True
Is 17317007 a composite number?
False
Is 132524321 prime?
False
Is 9933019 composite?
False
Is 3214657 prime?
True
Is 182262529 a prime number?
True
Is 5170943 a prime number?
False
Is 18059617 a composite number?
False
Is 1079669 composite?
False
Is 119836721 a prime number?
True
Is 2530663 a prime number?
True
Is 646453 a prime number?
True
Is 131093 composite?
True
Is 15527539 composite?
False
Is 11824643 prime?
False
Is 847775657 a prime number?
True
Is 89628331 a composite number?
True
Is 9091429 composite?
False
Is 3761203 a prime number?
True
Is 409067 composite?
True
Is 5782891 composite?
False
Is 181688191 composite?
False
Is 89254021 a prime number?
True
Is 4551751 a composite number?
True
Is 2573609 prime?
False
Is 123145511 a prime number?
True
Is 2394451 a composite number?
False
Is 241378 a prime number?
False
Is 6769523 prime?
False
Is 4451591 prime?
True
Is 7354747 a composite number?
True
Is 117169841 composite?
True
Is 53324903 composite?
True
Is 15811451 composite?
True
Is 29117129 a composite number?
False
Is 70666265 composite?
True
Is 355058497 prime?
True
Is 196579 composite?
False
Is 13831721 a composite number?
False
Is 13864399 prime?
False
Is 6546433 prime?
False
Is 1233996319 a composite number?
True
Is 41662091 composite?
False
Is 65760871 prime?
False
Is 9901043 prime?
False
Is 209491 a composite number?
True
Is 262287349 a prime number?
True
Is 363799 prime?
True
Is 999601 a composite number?
True
Is 22517513 a composite number?
False
Is 37267019 a prime number?
True
Is 81681539 a prime number?
False
Is 37566374 composite?
True
Is 189323 a composite number?
True
Is 5096537 a composite number?
True
Is 10639281 a composite number?
True
Is 20940901 prime?
True
Is 135984127 composite?
False
Is 34247833 a composite number?
True
Is 9153311 a composite number?
False
Is 865847 composite?
False
Is 28594133 prime?
True
Is 4149589 a prime number?
True
Is 4974586 a prime number?
False
Is 1046113 a composite number?
False
Is 16837181 composite?
False
Is 95737463 prime?
False
Is 4757647 a prime number?
True
Is 8934491 a prime number?
True
Is 219324758 composite?
True
Is 1420483 a composite number?
False
Is 25491574 composite?
True
Is 1226377 prime?
True
Is 39646609 composite?
False
Is 52918073 prime?
False
Is 30359809 a composite number?
False
Is 1578749 a composite number?
False
Is 41240789 a composite number?
True
Is 973911 prime?
False
Is 41341331 composite?
True
Is 525077 a prime number?
False
Is 3413767 prime?
False
Is 16698671 a prime number?
False
Is 14002579 prime?
True
Is 25698551 composite?
False
Is 32562689 composite?
False
Is 2220181 a composite number?
True
Is 5207821 prime?
False
Is 1835011 prime?
False
Is 19672949 prime?
True
Is 785766491 a prime number?
False
Is 42579991 prime?
True
Is 2388277 prime?
True
Is 186004843 a composite number?
False
Is 9251135 a composite number?
True
Is 1370951 composite?
True
Is 4011229 prime?
False
Is 2910695 a composite number?
True
Is 121745037 a prime number?
Fal